Suppose -10 = 3*b - 25. Suppose b*z - 49 - 286 = 0. What is the tens digit of z?
6
Let q = -1115 + 1922. What is the units digit of q?
7
Let u be (-5)/((-5)/(-2)) - -33. Suppose 48 = 2*g - 5*r - u, 0 = -3*g - 5*r + 181. What is the tens digit of g?
5
Suppose 36*i - 35*i - 66 = 0. Let h = 164 - i. What is the tens digit of h?
9
Suppose h - c - 8 = 0, -5*h + c + 18 = -6. Let j be 4*(-6)/(-32)*h. Suppose m - 3*m + 2 = -4*x, j*x + 19 = 5*m. What is the units digit of m?
5
Suppose -3060 = 8*h - 17*h. Let m = -205 + h. What is the tens digit of m?
3
Let m = 868 + -348. What is the hundreds digit of m?
5
Suppose -3*f - 4*o + 2498 + 29 = 0, -4206 = -5*f - o. What is the units digit of f?
1
Let q = 39 - 6. Suppose -q*h = -38*h + 785. What is the hundreds digit of h?
1
Let q = 144 - 142. Let k be -1 - (-10 + (-3 - 0)). Let j = q + k. What is the units digit of j?
4
Let o = -50 - -54. Suppose 0 = -5*m - 2*l + 283, m - 4*m + 181 = o*l. What is the units digit of m?
5
Let b(t) = -t**3 - 5*t**2 - 6*t - 1. Let z(r) = r**3 + 7*r**2 + 3*r + 17. Let x be z(-7). What is the units digit of b(x)?
7
Let s be (0 - -1) + 616/4. Suppose -4*c - 240 = -4*p, 5*c = -2*p + s - 21. What is the tens digit of p?
6
Suppose 0 = 3*a - 0*a - 6. Suppose 3*v + 3 - 7 = 4*f, -5*f = a*v + 5. Suppose -5*u + 44 = 4*l - 7*l, -2*l + 4 = v. What is the tens digit of u?
1
Let n(j) = 3*j**2 + 10*j + 14. Let t(b) = 7*b**2 + 21*b + 28. Let x(y) = 5*n(y) - 2*t(y). What is the units digit of x(-12)?
2
Let c(l) = l**3 + 16*l**2 + l - 51. What is the tens digit of c(9)?
8
Let w(v) = 63*v - 676. What is the tens digit of w(28)?
8
Suppose -2*k - 3*l = -18, 4*k + 3*l = 2*l + 16. What is the tens digit of (k - 4)/(1/(-31))?
3
Suppose -d + 3*d = 12. Suppose -c = 5*v - d*v + 54, 5*c + 160 = 3*v. What is the tens digit of v?
5
Suppose 0 = 4*m + 2*q - 566, -m + 144 = -2*q + 3*q. What is the units digit of m?
9
Suppose -4*c - 5*b + 544 + 241 = 0, 2*c - 400 = -4*b. What is the units digit of c?
0
Let n = 198 + -6. What is the hundreds digit of n?
1
Let v = 11 + -7. What is the units digit of 60/18 - v/(-6)?
4
Let j be (-1 + 38/(-10))/(12/60). What is the units digit of (-4)/(j/6)*299?
9
What is the tens digit of (5 - 23058/(-49)) + 6/14?
7
Suppose 5*s - 2*s - 2*j + 666 = 0, -687 = 3*s + 5*j. Let b = s + 353. What is the hundreds digit of b?
1
Suppose -12432 = 18*v - 62202. What is the tens digit of v?
6
Let t = -159 + 95. What is the tens digit of (t + 0)/(1 + -2)?
6
Let y = -24 + 29. Suppose 2*i = 4*a - 16, a = 3*i - 2 + 1. Let u = i + y. What is the units digit of u?
7
Let n = -872 - -1308. What is the tens digit of n?
3
Let h be (-3 - 0)/(3/9). Let p(w) = 5*w - 17. Let g(b) = b - 1. Let v(y) = 6*g(y) - p(y). What is the units digit of v(h)?
2
Suppose 0 = 3*u - 69 - 171. What is the units digit of u?
0
What is the units digit of (4/5)/4 + 231489/255?
8
Let b(j) = j + 9. Let z be b(6). Suppose 0*d = -5*d + z. What is the units digit of (d/5)/((-2)/(-10))?
3
Let f(i) = -63*i - 2. Suppose -2*k + 29 + 1 = 0. Suppose -8 = 2*z - 2*r, 0 = -2*z - z + 4*r - k. What is the tens digit of f(z)?
6
Let b(t) = t + 1. Suppose -3*s + 2*s = 1. Let w be b(s). Suppose 60 = -w*g + 4*g. What is the units digit of g?
5
Let q = -595 - -1998. Suppose -1054 - q = -13*r. What is the tens digit of r?
8
Let p(o) = -16*o - 29. Let c = 3 - 10. What is the tens digit of p(c)?
8
Suppose -2*i - 5 = 13. Let p be -111*3/(i/7). What is the units digit of p/28 + 1/(-4)?
9
Let m(o) = 21*o - 72. What is the tens digit of m(27)?
9
What is the tens digit of 733 - (-8)/6*3?
3
Let n be (0*4/(-4)*-1)/(-1). Suppose n = -2*u + 2*q - q + 39, -u + 4*q = -2. What is the units digit of u?
2
Suppose -3*d + 1103 = -17*f + 18*f, 0 = 4*f - d - 4360. What is the units digit of f?
1
Let u be 4 + 2/(0 - 1). Suppose 24 = u*h - 14. Suppose 7 - h = -2*t. What is the units digit of t?
6
Let l(y) = y**3 + 8*y**2 - 9*y + 10. Let j be l(-9). Suppose -3*b - 8 = j. Let o = 1 - b. What is the units digit of o?
7
Let d(c) = -22*c**3 + 4*c**2 + c + 13. What is the hundreds digit of d(-4)?
4
Let n(o) = -7*o**3 + 2*o**2 + 6*o + 2. Let f be n(-2). Suppose 24*u - 1050 = f. What is the tens digit of u?
4
Let y(l) = 3*l**3 - 5*l**2 + 11*l - 6. What is the units digit of y(5)?
9
Suppose 579*v + 4540 = 583*v. What is the tens digit of v?
3
Suppose -9*k + 4*k = -3*t + 3419, -2*t - 5*k = -2321. What is the hundreds digit of t?
1
Let w be (8/20)/((-1)/(-15)). Suppose -3*f - 2*d + 16 = f, 0 = -f + 2*d - w. Let g(j) = 3*j**2 + 2*j + 1. What is the tens digit of g(f)?
1
Let j = -29 - -29. Suppose 103 = 4*x - 3*i, 3*i + j*i + 15 = 0. What is the tens digit of x?
2
Let m(j) = 19*j**3 + 4*j**2 + 11*j - 72. What is the tens digit of m(6)?
4
Suppose 3*x - 343 = 368. What is the hundreds digit of x?
2
Let t be 4 - (-7)/((-21)/6). Suppose t*x = x - 2. What is the units digit of ((-6)/(-6))/(x/(-38))?
9
Suppose 3*i = 5*g + 2723, i + g = -259 + 1180. What is the tens digit of i?
1
Suppose -5*o - 18 = -83. Let n = 19 - o. Suppose -n*j + 4 = -4*i - j, 0 = i + 4*j - 20. What is the units digit of i?
4
Let b be (-1 + 5)*-2*3/(-6). Suppose 4*i + 78 = 2*y, -b*i - 242 = -5*y - 23. What is the tens digit of y?
4
Suppose -c - 120 - 84 = 0. Let s be 2*(1 + c/(-8)). Let v = s + -31. What is the units digit of v?
2
Let n(p) = -2*p + 2. Let a be n(-3). Let v = a - 2. Suppose v*q = q + 15. What is the units digit of q?
3
Let x be (-12)/(-4) + -1 + 9. Let v = 147 - x. Suppose -4*a - v = -8*a. What is the units digit of a?
4
Let n = 5 - 2. Let z(k) = -18*k - 7. Let v(u) = 288*u + 114. Let h(w) = -2*v(w) - 33*z(w). What is the tens digit of h(n)?
5
Let o = 5278 + -3767. What is the units digit of o?
1
Let n(p) = p**3 + 5*p**2 + 3*p - 7. Let r be n(-3). Suppose 0 = x, r*f - 10*x + 11*x = 416. What is the hundreds digit of f?
2
Let s(c) = -2*c**2 + 5*c - 2. Let l be s(3). Let v = l + -1. What is the tens digit of 10/(-15) + (-172)/v?
2
Let t be 3 + 2 + -4 - 4/(-1). Let x = 190 - t. What is the hundreds digit of x?
1
Let h(k) = 25*k**2 + 6*k - 81. What is the tens digit of h(5)?
7
Let u(m) = 2*m**2 - 14*m + 3. Suppose -5*f - s = -45, -f - 4*f + 5*s = -15. What is the tens digit of u(f)?
1
Let p(v) = 17*v**2 - 12*v + 38. What is the hundreds digit of p(6)?
5
Let m(a) = -a**2 + 18*a + 22. Let p be m(23). What is the tens digit of -3 + (-4 - p) + 1?
8
Suppose -8*q + 3716 = -11180. What is the thousands digit of q?
1
Let u be 2/(-3) + (-24)/(-9). Suppose 3*d = -3*i + 6, 3*i - 2*d - u*d - 13 = 0. What is the units digit of 42/(3*2/i)?
1
Suppose -2*v + 2164 = 2*q + 588, -3*v + 12 = 0. What is the units digit of q?
4
Suppose -8*p = -17*p + 5796. What is the hundreds digit of p?
6
Suppose -2*o + 0*o + 5*g = -6663, 4*o - 13286 = 2*g. What is the thousands digit of o?
3
Suppose -8 = -3*j + c, -j = 3*j - c - 11. Suppose 0 = -j*w - 6, 2*d + 2 = -3*d - w. Suppose d*y + 84 = 4*y. What is the tens digit of y?
2
Suppose k + 0*k = 5. Suppose v = -4*v + 4*f + 687, -5*v + k*f + 690 = 0. What is the tens digit of (-8)/28 + v/7?
1
Let y(d) = d**3 + 15*d**2 + 10*d - 12. Suppose -5*n - 85 = 5*a, -2*a - 3*n = 2*a + 68. Let g be (-28)/10*(22 + a). What is the tens digit of y(g)?
4
Suppose -4*g = 3*b - 7910, 18*b + 5285 = 20*b + 5*g. What is the hundreds digit of b?
6
Suppose -4*d + 93*h - 92*h + 9611 = 0, 0 = 3*d - 2*h - 7202. What is the hundreds digit of d?
4
Let n = -60 + 60. Let s(i) = -i**2 - 5*i + 25. Let v(w) = -w + 1. Let h(k) = s(k) - 4*v(k). What is the tens digit of h(n)?
2
Let m be -55 - 2/8*4. Let h = m - -128. What is the tens digit of h?
7
Let a(t) = -4*t**3 - 18*t**2 - 3*t + 15. What is the units digit of a(-7)?
6
Let x(q) = -2*q + 11. Let v be (-4)/(4/3) - 11. What is the units digit of x(v)?
9
Let j(k) = 5*k - 12. Let z be j(0). Let c(d) = -2*d**2 - 27*d - 19. What is the units digit of c(z)?
7
Let o(f) = -f**3 - 13*f**2 + f + 18. Let r = 22 - 39. Let a = -30 - r. What is the units digit of o(a)?
5
Suppose 0 = -46*h + 54*h - 336. What is the tens digit of h?
4
Suppose 5*t = 4*j + 2*t + 917, 0 = 5*t + 25. Suppose 7*h - 6*h + 7 = 0. What is the units digit of j/h - 4/14?
3
Let q = -138 - -74. Let n = q - -152. What is the tens digit of n?
8
Let q(w) = 3*w**2 + 6*w + 40. Let b be q(10). Suppose 0 = 2*f - 4*s - b, 2*s = 4